mposite number?
True
Is 44448361 prime?
True
Is 4090561 a composite number?
False
Is 932899 a composite number?
True
Is 14525107 composite?
False
Is 11371783 a composite number?
True
Is 298723183 a composite number?
True
Is 48483943 prime?
False
Is 99262529 a composite number?
True
Is 1155899 composite?
False
Is 3497231 composite?
False
Is 3990241 a prime number?
True
Is 84457757 composite?
False
Is 16729607 a composite number?
True
Is 7575823 composite?
True
Is 81223667 a composite number?
True
Is 27329741 a prime number?
False
Is 23092513 a composite number?
True
Is 1631099 composite?
True
Is 443837 a composite number?
False
Is 1311819 prime?
False
Is 60675619 prime?
False
Is 4508419 a prime number?
False
Is 59833909 a prime number?
True
Is 2893573 a composite number?
True
Is 29344277 a composite number?
False
Is 682597 a prime number?
True
Is 68494403 prime?
False
Is 14768693 composite?
True
Is 1642997 a composite number?
False
Is 1613629 prime?
False
Is 22042157 a prime number?
True
Is 20820101 prime?
True
Is 4703462 composite?
True
Is 2330131 a prime number?
False
Is 133213381 prime?
False
Is 5826289 prime?
False
Is 463008657 a composite number?
True
Is 360502529 a composite number?
True
Is 33608551 a prime number?
False
Is 57723283 composite?
False
Is 1715353 composite?
False
Is 145826363 composite?
False
Is 2899381 composite?
True
Is 6760079 prime?
True
Is 2659999 composite?
False
Is 4590931 a composite number?
True
Is 178114279 composite?
True
Is 147744055 composite?
True
Is 38832649 prime?
False
Is 88599431 a composite number?
False
Is 67264651 composite?
False
Is 748307221 a composite number?
False
Is 211927 a prime number?
True
Is 409378039 prime?
False
Is 7168405 a composite number?
True
Is 20965931 a prime number?
False
Is 5514371 a composite number?
False
Is 9364007 composite?
False
Is 23104117 composite?
False
Is 812807 a prime number?
True
Is 42349121 composite?
False
Is 3378937 prime?
False
Is 17543393 a prime number?
False
Is 1091443 composite?
False
Is 14575909 a composite number?
True
Is 17323717 a prime number?
True
Is 102128833 composite?
True
Is 90261107 a composite number?
False
Is 214300265 a prime number?
False
Is 26875631 a composite number?
False
Is 123479717 composite?
True
Is 11367591 composite?
True
Is 24985613 a composite number?
True
Is 1160171 prime?
False
Is 119021003 a composite number?
False
Is 35871877 a composite number?
True
Is 23999951 a composite number?
False
Is 64919567 a composite number?
False
Is 412738 prime?
False
Is 92876033 prime?
True
Is 50690569 a composite number?
False
Is 87963443 prime?
False
Is 918481 composite?
False
Is 4357139 prime?
True
Is 7668389 prime?
True
Is 597019 a prime number?
False
Is 44576471 a composite number?
True
Is 986897 composite?
True
Is 56406527 a composite number?
True
Is 9140981 composite?
True
Is 15162403 composite?
True
Is 54960361 prime?
True
Is 24734923 a composite number?
True
Is 380864921 a prime number?
True
Is 292201333 a composite number?
True
Is 2364001 composite?
False
Is 231772939 prime?
True
Is 3358189 prime?
False
Is 57902567 a composite number?
True
Is 512959 composite?
False
Is 3078022 composite?
True
Is 448241 composite?
False
Is 8601869 prime?
True
Is 212011 a prime number?
False
Is 17355451 a prime number?
True
Is 749433 a prime number?
False
Is 1401437 prime?
True
Is 5312611 composite?
False
Is 187654 a composite number?
True
Is 1642481 prime?
True
Is 117055781 composite?
False
Is 74567998 prime?
False
Is 50779489 composite?
False
Is 50685139 a composite number?
False
Is 9584114 a composite number?
True
Is 1571495 a prime number?
False
Is 2752135 composite?
True
Is 819611147 composite?
False
Is 1368083 composite?
False
Is 26832023 composite?
False
Is 139747133 a composite number?
False
Is 22309043 composite?
True
Is 2919845 prime?
False
Is 1350823 prime?
True
Is 6448207 prime?
True
Is 147455821 a composite number?
False
Is 204031001 a composite number?
True
Is 303941 a prime number?
False
Is 50059019 prime?
True
Is 5876321 a prime number?
False
Is 527559 prime?
False
Is 15580229 a prime number?
False
Is 43595609 prime?
True
Is 221428871 a composite number?
False
Is 1611977 a composite number?
True
Is 1560058 composite?
True
Is 5788763 prime?
True
Is 1769687 composite?
False
Is 2422219 a composite number?
True
Is 5246899 a composite number?
True
Is 79814939 prime?
True
Is 1605649 a composite number?
True
Is 2070737 prime?
True
Is 120539 composite?
False
Is 6007007 a prime number?
False
Is 58593617 prime?
True
Is 3021619 a prime number?
True
Is 26269031 a prime number?
True
Is 89460479 composite?
False
Is 2826137 prime?
False
Is 1411987 prime?
True
Is 736889 a composite number?
False
Is 98451919 a composite number?
True
Is 43855229 a prime number?
False
Is 7291297 a prime number?
False
Is 124920749 prime?
True
Is 5571179 composite?
False
Is 2311931 a prime number?
True
Is 14168213 composite?
False
Is 19591369 composite?
True
Is 307577 prime?
True
Is 4302289 composite?
True
Is 18304907 prime?
True
Is 1294481 a composite number?
True
Is 41248957 a composite number?
False
Is 54765719 prime?
True
Is 1372493 a prime number?
True
Is 4309702 prime?
False
Is 14936219 a prime number?
True
Is 51612401 prime?
True
Is 56655377 a composite number?
True
Is 316058911 a composite number?
True
Is 456917 a composite number?
True
Is 11376627 a prime number?
False
Is 7449809 composite?
False
Is 715251 a composite number?
True
Is 43012069 a composite number?
True
Is 14610013 a prime number?
False
Is 6160081 a prime number?
False
Is 12912455 composite?
True
Is 2507291 prime?
True
Is 7278109 prime?
False
Is 1329613 a composite number?
True
Is 3434887 composite?
False
Is 3495607 a prime number?
True
Is 139984157 prime?
True
Is 64764417 prime?
False
Is 152998933 a composite number?
True
Is 19781053 a composite number?
False
Is 298476026 a composite number?
True
Is 19681543 composite?
True
Is 52099507 composite?
False
Is 504121 a prime number?
True
Is 62396501 prime?
False
Is 1674329 a prime number?
True
Is 22739891 prime?
True
Is 26089417 a prime number?
False
Is 5810587 a prime number?
True
Is 2250907 prime?
False
Is 2884267 a composite number?
False
Is 120039883 a composite number?
True
Is 64465721 composite?
False
Is 96958817 composite?
False
Is 9990337 a prime number?
False
Is 183581462 a prime number?
False
Is 25861643 composite?
False
Is 5086729 a prime number?
False
Is 208297061 a composite number?
True
Is 35074367 a composite number?
True
Is 725579 composite?
False
Is 23635382 a prime number?
False
Is 96909377 a composite number?
True
Is 44812249 composite?
False
Is 2773495 composite?
True
Is 4737983 prime?
False
Is 676163243 composite?
True
Is 118009077 a prime number?
False
Is 2250109 composite?
True
Is 10028569 prime?
True
Is 240890603 composite?
False
Is 504727 a prime number?
True
Is 3942121 a prime number?
True
Is 269627717 prime?
True
Is 8201747 composite?
False
Is 63360119 a composite number?
True
Is 6273343 a prime number?
False
Is 28754789 a composite number?
True
Is 10427509 composite?
True
Is 240931369 prime?
False
Is 323932809 a composite number?
True
Is 1907131 a composite number?
True
Is 25428539 a prime number?
True
Is 391847 a composite number?
False
Is 6132431 composite?
False
Is 224388001 a composite number?
True
Is 722998 composite?
True
Is 1832601 a prime number?
False
Is 315600563 composite?
True
Is 50293443 a prime number?
False
Is 176083883 prime?
False
Is 10316717 a prime number?
False
Is 676227749 composite?
False
Is 811441 prime?
True
Is 14082437 a prime number?
False
Is 35100821 composite?
True
Is 10362371 composite?
True
Is 20707517 a composite number?
False
Is 13411337 a prime number?
True
Is 14214733 composite?
True
Is 47085893 a prime number?
False
Is 146780489 prime?
True
Is 39947 a prime number?
False
Is 4386381 a composite number?
True
Is 169500601 prime?
False
Is 67524227 prime?
True
Is 19106051 a composite number?
False
Is 10799 a prime number?
True
Is 187506331 a prime number?
False
Is 49344541 a prime number?
False
Is 59296001 prime?
False
Is 13309211 a prime number?
False
Is 87836999 prime?
True
Is 7894387 a composite number?
False
Is 10613615 composite?
True
Is 79478143 a composite number?
False
Is 50423593 a prime nu